{"id":12,"date":"2025-09-10T22:03:51","date_gmt":"2025-09-10T20:03:51","guid":{"rendered":"http:\/\/192.168.99.104\/wordpress\/?page_id=12"},"modified":"2025-09-10T22:03:51","modified_gmt":"2025-09-10T20:03:51","slug":"remboursements_retours","status":"publish","type":"page","link":"https:\/\/www.stellafaghjinca.corsica\/index.php\/remboursements_retours\/","title":{"rendered":"Politique en mati\u00e8re de remboursements et de retours"},"content":{"rendered":"\n<h2 class=\"wp-block-heading\">Aper\u00e7u<\/h2>\n\n\n\n<p>Notre politique de remboursement et de retour dure 30 jours. Si 30 jours se sont \u00e9coul\u00e9s depuis votre achat, nous ne pouvons pas vous offrir un remboursement ou un \u00e9change complet.<\/p>\n\n\n\n<p>Pour pouvoir b\u00e9n\u00e9ficier d&rsquo;un retour, votre article doit \u00eatre inutilis\u00e9 et dans le m\u00eame \u00e9tat que celui dans lequel vous l&rsquo;avez re\u00e7u. Il doit \u00e9galement \u00eatre dans l&#8217;emballage d&rsquo;origine.<\/p>\n\n\n\n<p>Plusieurs types de marchandises sont exempt\u00e9es de restitution. Les denr\u00e9es p\u00e9rissables telles que la nourriture, les fleurs, les journaux ou les magazines ne peuvent pas \u00eatre retourn\u00e9es. Nous n&rsquo;acceptons pas non plus les produits qui sont des biens intimes ou sanitaires, des mati\u00e8res dangereuses ou des liquides ou gaz inflammables. <\/p>\n\n\n\n<h4 class=\"wp-block-heading\">Articles suppl\u00e9mentaires non retournables : <\/h4>\n\n\n\n<ul class=\"wp-block-list\">\n<li>Cartes cadeaux<\/li>\n\n\n\n<li>Produits logiciels t\u00e9l\u00e9chargeables<\/li>\n\n\n\n<li>Quelques articles de sant\u00e9 et de soins personnels<\/li>\n<\/ul>\n\n\n\n<p>Pour compl\u00e9ter votre retour, nous avons besoin d&rsquo;un re\u00e7u ou d&rsquo;une preuve d&rsquo;achat.<\/p>\n\n\n\n<p>Veuillez ne pas renvoyer votre achat au fabricant.<\/p>\n\n\n\n<h4 class=\"wp-block-heading\">Il existe certaines situations o\u00f9 seuls des remboursements partiels sont accord\u00e9s :<\/h4>\n\n\n\n<ul class=\"wp-block-list\">\n<li>Livre avec des signes \u00e9vidents d&rsquo;utilisation<\/li>\n\n\n\n<li>CD, DVD, cassette VHS, logiciel, jeu vid\u00e9o, cassette ou disque vinyle qui a \u00e9t\u00e9 ouvert.<\/li>\n\n\n\n<li>Tout article qui n&rsquo;est pas dans son \u00e9tat d&rsquo;origine est endommag\u00e9 ou il manque des pi\u00e8ces pour des raisons qui ne sont pas dues \u00e0 notre erreur.<\/li>\n\n\n\n<li>Tout article retourn\u00e9 plus de 30 jours apr\u00e8s la livraison<\/li>\n<\/ul>\n\n\n\n<h2 class=\"wp-block-heading\">Remboursements<\/h2>\n\n\n\n<p>Une fois votre retour re\u00e7u et inspect\u00e9, nous vous enverrons un e-mail pour vous informer que nous avons re\u00e7u votre article retourn\u00e9. Nous vous informerons \u00e9galement de l\u2019approbation ou du rejet de votre remboursement.<\/p>\n\n\n\n<p>Si votre demande est approuv\u00e9e, votre remboursement sera trait\u00e9 et un cr\u00e9dit sera automatiquement appliqu\u00e9 \u00e0 votre carte de cr\u00e9dit ou \u00e0 votre mode de paiement d&rsquo;origine, dans un certain d\u00e9lai de quelques jours.<\/p>\n\n\n\n<p>Remboursements tardifs ou manquants<\/p>\n\n\n\n<p>Si vous n\u2019avez pas encore re\u00e7u de remboursement, v\u00e9rifiez d\u2019abord \u00e0 nouveau votre compte bancaire.<\/p>\n\n\n\n<p>Contactez ensuite votre soci\u00e9t\u00e9 \u00e9mettrice de carte de cr\u00e9dit, cela peut prendre un certain temps avant que votre remboursement ne soit officiellement publi\u00e9.<\/p>\n\n\n\n<p>Contactez ensuite votre banque. Il y a souvent un certain temps de traitement avant qu&rsquo;un remboursement ne soit effectu\u00e9. <\/p>\n\n\n\n<p>Si vous avez fait tout cela et que vous n&rsquo;avez toujours pas re\u00e7u votre remboursement, veuillez nous contacter \u00e0 <a href=\"mailto:contact@stellafaghjinca.corsica\">contact@stellafaghjinca.corsica<\/a>. <\/p>\n\n\n\n<h2 class=\"wp-block-heading\">Articles en vente<\/h2>\n\n\n\n<p>Seuls les articles \u00e0 prix r\u00e9gulier peuvent \u00eatre rembours\u00e9s. Les articles en solde ne peuvent pas \u00eatre rembours\u00e9s.<\/p>\n\n\n\n<h2 class=\"wp-block-heading\">\u00c9changes<\/h2>\n\n\n\n<p>Nous rempla\u00e7ons les articles uniquement s&rsquo;ils sont d\u00e9fectueux ou endommag\u00e9s. Si vous devez l&rsquo;\u00e9changer contre le m\u00eame article, envoyez-nous un e-mail \u00e0 <a href=\"mailto:contact@stellafaghjinca.corsica\">contact@stellafaghjinca.corsica<\/a> et envoyez votre article \u00e0 : {adresse physique}.<\/p>\n\n\n\n<h2 class=\"wp-block-heading\">Cadeaux<\/h2>\n\n\n\n<p>Si l&rsquo;article a \u00e9t\u00e9 marqu\u00e9 comme cadeau lors de son achat et exp\u00e9di\u00e9 directement chez vous, vous recevrez un cr\u00e9dit cadeau pour la valeur de votre retour. Une fois l&rsquo;article retourn\u00e9 re\u00e7u, un ch\u00e8que-cadeau vous sera envoy\u00e9 par la poste.<\/p>\n\n\n\n<p>Si l&rsquo;article n&rsquo;\u00e9tait pas marqu\u00e9 comme cadeau lors de l&rsquo;achat, ou si le donneur de cadeaux s&rsquo;est fait exp\u00e9dier la commande pour vous l&rsquo;offrir plus tard, nous enverrons un remboursement au donneur de cadeaux et il sera inform\u00e9 de votre retour.<\/p>\n\n\n\n<h2 class=\"wp-block-heading\">Retours d&rsquo;exp\u00e9dition<\/h2>\n\n\n\n<p>Pour retourner votre produit, vous devez envoyer votre produit par courrier \u00e0 : {adresse physique}.<\/p>\n\n\n\n<p>Vous serez responsable du paiement de vos propres frais d&rsquo;exp\u00e9dition pour le retour de votre article. Les frais de port ne sont pas remboursables. Si vous recevez un remboursement, les frais de retour seront d\u00e9duits de votre remboursement.<\/p>\n\n\n\n<p>Selon l\u2019endroit o\u00f9 vous vivez, le temps n\u00e9cessaire pour que votre produit \u00e9chang\u00e9 vous parvienne peut varier.<\/p>\n\n\n\n<p>Si vous retournez des articles plus chers, vous pouvez envisager d\u2019utiliser un service d\u2019exp\u00e9dition tra\u00e7able ou de souscrire une assurance exp\u00e9dition. Nous ne garantissons pas que nous recevrons votre article retourn\u00e9.<\/p>\n\n\n\n<h2 class=\"wp-block-heading\">Besoin d&rsquo;aide ?<\/h2>\n\n\n\n<p>Contactez-nous \u00e0 <a href=\"mailto:contact@stellafaghjinca.corsica\">contact@stellafaghjinca.corsica<\/a> pour toute question relative aux remboursements et retours.<\/p>\n\n\n\n<p><\/p>\n","protected":false},"excerpt":{"rendered":"<p>Aper\u00e7u Notre politique de remboursement et de retour dure 30 jours. Si 30 jours se sont \u00e9coul\u00e9s depuis votre achat, nous ne pouvons pas vous offrir un remboursement ou un \u00e9change complet. Pour pouvoir b\u00e9n\u00e9ficier d&rsquo;un retour, votre article doit \u00eatre inutilis\u00e9 et dans le m\u00eame \u00e9tat que celui dans lequel vous l&rsquo;avez re\u00e7u. Il [&hellip;]<\/p>\n","protected":false},"author":1,"featured_media":0,"parent":0,"menu_order":0,"comment_status":"closed","ping_status":"closed","template":"","meta":{"footnotes":""},"class_list":["post-12","page","type-page","status-publish","hentry"],"jetpack_sharing_enabled":true,"_links":{"self":[{"href":"https:\/\/www.stellafaghjinca.corsica\/index.php\/wp-json\/wp\/v2\/pages\/12","targetHints":{"allow":["GET"]}}],"collection":[{"href":"https:\/\/www.stellafaghjinca.corsica\/index.php\/wp-json\/wp\/v2\/pages"}],"about":[{"href":"https:\/\/www.stellafaghjinca.corsica\/index.php\/wp-json\/wp\/v2\/types\/page"}],"author":[{"embeddable":true,"href":"https:\/\/www.stellafaghjinca.corsica\/index.php\/wp-json\/wp\/v2\/users\/1"}],"replies":[{"embeddable":true,"href":"https:\/\/www.stellafaghjinca.corsica\/index.php\/wp-json\/wp\/v2\/comments?post=12"}],"version-history":[{"count":1,"href":"https:\/\/www.stellafaghjinca.corsica\/index.php\/wp-json\/wp\/v2\/pages\/12\/revisions"}],"predecessor-version":[{"id":133,"href":"https:\/\/www.stellafaghjinca.corsica\/index.php\/wp-json\/wp\/v2\/pages\/12\/revisions\/133"}],"wp:attachment":[{"href":"https:\/\/www.stellafaghjinca.corsica\/index.php\/wp-json\/wp\/v2\/media?parent=12"}],"curies":[{"name":"wp","href":"https:\/\/api.w.org\/{rel}","templated":true}]}}